st common factor of w and 793.
13
Suppose 5*n - 4*c - 156 = n, 0 = -n + 4*c + 57. Let f be 691/7 - (-4)/14. What is the greatest common divisor of f and n?
33
Let f = 117 + -225. Let o = 111 + f. Suppose -q - 6 = -2*q. Calculate the highest common divisor of o and q.
3
Suppose 0 = -4*u + 383 + 13. What is the greatest common factor of 45 and u?
9
Suppose -3*q = q - 76. Let p be (-48)/84 - (-2676)/28. What is the greatest common divisor of q and p?
19
Suppose 0 = -3*c + 4*l + 46, -2*c - 84 = -7*c + 3*l. What is the highest common factor of 306 and c?
18
Let y be 0/(-9)*(-2)/(-4). Suppose y = 18*d - 23*d + 1085. Calculate the highest common factor of 31 and d.
31
Suppose -4*g + 9 = -79. Let t be 102/13 - g/(-143). Calculate the greatest common factor of t and 88.
8
Let p(j) = j**2 + 17*j - 13. Suppose 10*f + 5*i + 3 = 9*f, -33 = 2*f + i. Let y be p(f). Calculate the greatest common divisor of 20 and y.
5
Let z(k) = 2*k + 13. Suppose 11*h + 30 = 5*h. Let f be z(h). Suppose -13 - 8 = -f*j. What is the greatest common divisor of 49 and j?
7
Suppose 4*n = -2*l + 792, 5*l + 324 - 1104 = -4*n. What is the highest common divisor of n and 125?
25
Let i be (-2)/3 + 122/3. Let u(p) = 2*p**2 + 16*p - 80. Let t be u(-12). Calculate the greatest common factor of i and t.
8
Let v be 126/(-90) - 22/(-5). What is the greatest common divisor of v and 30?
3
Let v(k) = -k**2 - 8*k + 35. Let b be v(-12). Let t(q) = q**2 + 9*q - 28. Let o be t(b). What is the greatest common factor of o and 18?
6
Suppose -16 = 4*l, -4*u + 9*u - 5*l = 35. Suppose -n = u*n. Suppose 5*d + 2 - 57 = n. What is the greatest common factor of 44 and d?
11
Let h(z) = -14*z - 8. Let m be h(-10). Let l(b) = -3 + 5 + 3*b**3 - 2*b**2 + 3*b - 4 - b**3. Let a be l(2). Calculate the greatest common divisor of m and a.
12
Let s = 316 - 226. Let n be (-53 - 37)*(-3)/2. Calculate the highest common divisor of n and s.
45
Let k = 1123 - 828. Calculate the greatest common divisor of k and 118.
59
Let b be -1 - (6 - 14 - -3). Calculate the highest common factor of 72 and b.
4
Let i = -69 - -249. Calculate the greatest common factor of 45 and i.
45
Let i(a) = 96*a - 3. Let c be i(2). Suppose -165 = -4*s - 57. Calculate the greatest common factor of c and s.
27
Let t = -481 - -207. Let s = -141 - t. Suppose -655 + 1035 = 20*p. What is the highest common factor of p and s?
19
Let y be (305 + -310)/(1*2/(-296)). What is the highest common factor of y and 60?
20
Let u(q) = -q**2 - 14*q - 20. Let v be u(-11). Calculate the highest common factor of v and 2.
1
Let v(x) = -6*x - 64. Let d be v(-11). Let b be d/(-6) + (-1086)/(-18). Calculate the greatest common factor of b and 40.
20
Let u(s) = -190*s - 1. Let z be u(-1). Let c = 203 - 182. Calculate the highest common factor of c and z.
21
Let x(g) = -g**2 + 12*g - 12. Let r be x(10). Suppose -5*l + 146 = -5*m + m, 2*m = -r. What is the highest common divisor of l and 104?
26
Suppose -5*w = 20, 0*s - 3*w + 13 = 5*s. Let j(b) = 8*b + 12. Let f be j(s). What is the highest common divisor of 78 and f?
26
Suppose 4*k = -u + 215, 132 + 67 = u - 4*k. Calculate the greatest common divisor of 23 and u.
23
Suppose 0 = -4*v + 4*b - 52, 6*v = v - 3*b - 33. Let y be (30/(-4))/(v/18). Suppose 3*m + 3 - y = 0. Calculate the greatest common factor of m and 28.
4
Suppose 3*p = 3*g + 135, -4*g - 79 = -2*p + 21. What is the greatest common factor of p and 344?
8
Let c(n) = -6*n - 103. Let j be c(-19). What is the highest common divisor of j and 55?
11
Let u = -683 - -393. Let b be (-6)/10 + u/(-25). Let q = -16 - -17. What is the highest common factor of q and b?
1
Let z be 4*(-4 + 1)/3. Let f be (-2)/z*18/(-2)*-38. Calculate the greatest common factor of 19 and f.
19
Let t(f) = -16*f - 1. Let c be t(-1). Suppose 0 = 827*k - 820*k - 105. What is the greatest common divisor of k and c?
15
Let m be (4/(-7))/(36/(-126)). Suppose 4*p = 5*u + 104, -m*p - u + 22 = -44. Calculate the highest common factor of 279 and p.
31
Suppose 6 = -2*b + 10. Suppose -23*a - 24 = -4*r - 19*a, -8 = -2*a. What is the greatest common divisor of b and r?
2
Let h(v) = 6*v**2 - 42*v + 8. Let o(j) = -2*j**2 + 14*j - 3. Let t(k) = -3*h(k) - 8*o(k). Let a be t(3). What is the greatest common divisor of 216 and a?
24
Suppose 4*k = -2*i + i + 12, 6 = 2*k - 4*i. Let m be (-3 - -3 - k)*-7. What is the highest common divisor of 21 and m?
21
Let c be (-3)/((-6)/8)*1. Let i(a) = -33*a + 168. Let u be i(5). Suppose 0 = -u*d + d + 4*s - 10, s = -d + c. What is the greatest common divisor of d and 9?
1
Let i be (13 + 1)*2*54/7. What is the greatest common divisor of 132 and i?
12
Suppose -62 = 2*i + 4*j - 188, 2*j = 2*i - 144. What is the greatest common divisor of i and 6?
3
Suppose -8*q + 3*q - 117 = -a, -5*q = -3*a + 301. What is the greatest common factor of 46 and a?
46
Let n(b) = -4*b**3 + 2*b**2 + 7*b + 7. Let t be n(-5). What is the greatest common factor of t and 58?
58
Suppose 2*j + 5 = j. Let o(t) = 2*t**2 + 6*t. Let x be o(j). Let a = 327 - 317. Calculate the greatest common factor of a and x.
10
Let z be ((-4)/(-3))/(12/18). Let l be (1 - 0)*-3*z. Let d be 135/6 - l/(-4). What is the highest common divisor of d and 105?
21
Let y(a) = 2*a**2 - 88*a + 104*a - 46 - 26. Let s be y(-15). What is the highest common divisor of s and 6?
6
Suppose 7*y = 4482 + 9560. Calculate the greatest common divisor of 118 and y.
118
Suppose 2382*o - 2391*o + 6264 = 0. What is the greatest common divisor of 72 and o?
24
Suppose -2*n + 0*n - 1554 = 0. Let x = -477 - n. Calculate the highest common divisor of x and 25.
25
Let l = -170 - -194. Calculate the highest common divisor of l and 216.
24
Let x = 1002 + -978. Let o(g) = -59*g + 1. Let m be o(-1). What is the highest common factor of x and m?
12
Suppose -3*d - 3*n + 21 = 0, 0 = -3*d + n - 3 + 16. Suppose 0 = -4*r + 3*v - 3 + 57, -2*v = -d*r + 71. Calculate the greatest common factor of r and 120.
15
Let v be (-13804)/(-24) - 5/30. Calculate the highest common divisor of 5 and v.
5
Suppose -46 = a + 60. Let w = a + 252. Suppose -3*g - 3*c = -210, -2*g - 2*c + w = -3*c. What is the highest common divisor of g and 9?
9
Let j be (-13)/(-4) - (13 + 846/(-72)). What is the greatest common divisor of 146 and j?
2
Suppose 2*x - 5*y = 73, -6 = -2*y - 4. Suppose -3*n - 2*j = -56, -5*n - 3*j + x = -3*n. Calculate the highest common factor of 36 and n.
18
Let z = -520 - -892. Calculate the highest common factor of 48 and z.
12
Let m be (18 + -16)/((-1)/(-2))*47. Calculate the greatest common factor of m and 235.
47
Suppose 2*b + 9 + 26 = l, 5*b = -3*l + 105. What is the greatest common factor of l and 119?
7
Suppose 4*z + 4*j - 15 - 149 = 0, -3*j = -5*z + 165. Let a = -12 - -11. Let p be 0/(4/a) - -24. What is the highest common divisor of p and z?
12
Let x(m) = 279*m + 99. Let q be x(4). What is the highest common divisor of q and 45?
45
Let t(m) = 3*m - 19. Let b be t(7). Suppose b*c - 69 = -3*c - 2*w, 2*c + 5*w = 36. What is the highest common factor of 52 and c?
13
Suppose 0 = 12*a - 1790 - 298. Calculate the highest common factor of a and 24.
6
Suppose 2*j - y - 16 = 0, -j - 3*y + 0 + 1 = 0. Let z(l) = -2*l**3 - 8*l**2 + 9*l + 2. Let u be z(-5). Calculate the greatest common factor of u and j.
7
Suppose 5*g = 4*l + 8 - 27, -2*g - 7 = -l. Calculate the highest common factor of l and 11.
1
Let o(z) = z**2 - 11*z + 25. Let g be o(11). Let v = -16 + 6. Let u = v + 15. What is the greatest common factor of g and u?
5
Suppose 9*x - 1392 = -204. Calculate the highest common factor of 156 and x.
12
Suppose -3136 = -29*g + g. What is the highest common factor of g and 28?
28
Let h = 8494 - 8394. Let p = 105 - 65. Calculate the greatest common factor of h and p.
20
Suppose -2*a + 3*a = 0. Let o be -5*(a + -2 + 4). Let s = o + 38. What is the highest common divisor of s and 14?
14
Let u(w) = w**3 - 9*w**2 + 11*w - 12. Let y be u(8). Let f = -8 + 12. What is the greatest common factor of y and f?
4
Let p(z) = -z**3 + 7*z**2 + 3*z - 5. Suppose -i = 12 - 19. Let o be p(i). Calculate the greatest common divisor of 80 and o.
16
Let k = -134 - -158. What is the highest common divisor of 30 and k?
6
Suppose 0 = 5*b - 10, -2*k - 204 = -4*k - 3*b. Suppose k = 6*r - 5*r. Calculate the highest comm